{"id":1337,"date":"2023-11-15T19:06:46","date_gmt":"2023-11-15T18:06:46","guid":{"rendered":"http:\/\/raulavellaneda.com\/?page_id=1337"},"modified":"2026-01-02T22:09:44","modified_gmt":"2026-01-02T21:09:44","slug":"werke-2","status":"publish","type":"page","link":"https:\/\/raulavellaneda.com\/?page_id=1337","title":{"rendered":"Obras"},"content":{"rendered":"\n<div style=\"height:100px\" aria-hidden=\"true\" class=\"wp-block-spacer\"><\/div>\n\n\n\n<div class=\"wp-block-media-text is-stacked-on-mobile\" style=\"grid-template-columns:40% auto\"><figure class=\"wp-block-media-text__media\"><img loading=\"lazy\" decoding=\"async\" width=\"804\" height=\"1024\" src=\"https:\/\/raulavellaneda.com\/wp-content\/uploads\/IMG_0600-804x1024.jpg\" alt=\"\" class=\"wp-image-1349 size-full\" srcset=\"https:\/\/raulavellaneda.com\/wp-content\/uploads\/IMG_0600-804x1024.jpg 804w, https:\/\/raulavellaneda.com\/wp-content\/uploads\/IMG_0600-235x300.jpg 235w, https:\/\/raulavellaneda.com\/wp-content\/uploads\/IMG_0600-768x979.jpg 768w, https:\/\/raulavellaneda.com\/wp-content\/uploads\/IMG_0600-1206x1536.jpg 1206w, https:\/\/raulavellaneda.com\/wp-content\/uploads\/IMG_0600-1607x2048.jpg 1607w, https:\/\/raulavellaneda.com\/wp-content\/uploads\/IMG_0600-1200x1529.jpg 1200w, https:\/\/raulavellaneda.com\/wp-content\/uploads\/IMG_0600.jpg 1740w\" sizes=\"auto, (max-width: 804px) 85vw, 804px\" \/><\/figure><div class=\"wp-block-media-text__content\">\n<p class=\"has-medium-font-size\"><a href=\"https:\/\/raulavellaneda.com\/?page_id=1606\"><em><em><em><em>\u201c<\/em><\/em><\/em><\/em>Dina y Donald<em><em><em><em><em><em>\u201d<\/em><\/em><\/em><\/em><\/em><\/em><\/a><\/p>\n\n\n\n<p><em>Ensamblajes sobre la situaci\u00f3n pol\u00edtica en Per\u00fa y Estados Unidos<\/em><\/p>\n<\/div><\/div>\n\n\n\n<div style=\"height:120px\" aria-hidden=\"true\" class=\"wp-block-spacer\"><\/div>\n\n\n\n<div class=\"wp-block-media-text is-stacked-on-mobile\" style=\"grid-template-columns:40% auto\"><figure class=\"wp-block-media-text__media\"><img loading=\"lazy\" decoding=\"async\" width=\"840\" height=\"702\" src=\"https:\/\/raulavellaneda.com\/wp-content\/uploads\/web-IMG_0699.jpg\" alt=\"\" class=\"wp-image-1378 size-full\" srcset=\"https:\/\/raulavellaneda.com\/wp-content\/uploads\/web-IMG_0699.jpg 840w, https:\/\/raulavellaneda.com\/wp-content\/uploads\/web-IMG_0699-300x251.jpg 300w, https:\/\/raulavellaneda.com\/wp-content\/uploads\/web-IMG_0699-768x642.jpg 768w\" sizes=\"auto, (max-width: 709px) 85vw, (max-width: 909px) 67vw, (max-width: 1362px) 62vw, 840px\" \/><\/figure><div class=\"wp-block-media-text__content\">\n<p class=\"has-medium-font-size\"><a href=\"https:\/\/raulavellaneda.com\/?page_id=1632\"><em><em><em><em>\u201c<\/em><\/em><\/em><\/em>Ni\u00f1o, prom\u00e9teme que te matar\u00e1s<em><em><em><em><em><em>\u201d<\/em><\/em><\/em><\/em><\/em><\/em><\/a><\/p>\n\n\n\n<p><em>Ensamblajes y collages sobre el suicidio infantil<\/em><\/p>\n<\/div><\/div>\n\n\n\n<div style=\"height:120px\" aria-hidden=\"true\" class=\"wp-block-spacer\"><\/div>\n\n\n\n<div class=\"wp-block-media-text is-stacked-on-mobile\" style=\"grid-template-columns:40% auto\"><figure class=\"wp-block-media-text__media\"><img loading=\"lazy\" decoding=\"async\" width=\"480\" height=\"642\" src=\"https:\/\/raulavellaneda.com\/wp-content\/uploads\/web-Neu-IMG_0226.jpg\" alt=\"\" class=\"wp-image-2591 size-full\" srcset=\"https:\/\/raulavellaneda.com\/wp-content\/uploads\/web-Neu-IMG_0226.jpg 480w, https:\/\/raulavellaneda.com\/wp-content\/uploads\/web-Neu-IMG_0226-224x300.jpg 224w\" sizes=\"auto, (max-width: 480px) 85vw, 480px\" \/><\/figure><div class=\"wp-block-media-text__content\">\n<p class=\"has-medium-font-size\"><a href=\"https:\/\/raulavellaneda.com\/?page_id=983\"><em><em><em><em>\u201c<\/em><\/em><\/em><\/em>Letan\u00edas acalladas<em><em><em><em><em><em>\u201d<\/em><\/em><\/em><\/em><\/em><\/em> <\/a><\/p>\n\n\n\n<p><em>Ensamblajes sobre infancia, familia, fe y sociedad<\/em><\/p>\n<\/div><\/div>\n\n\n\n<div style=\"height:120px\" aria-hidden=\"true\" class=\"wp-block-spacer\"><\/div>\n\n\n\n<div class=\"wp-block-media-text is-stacked-on-mobile\" style=\"grid-template-columns:31% auto\"><figure class=\"wp-block-media-text__media\"><img loading=\"lazy\" decoding=\"async\" width=\"480\" height=\"918\" src=\"https:\/\/raulavellaneda.com\/wp-content\/uploads\/web-IMG_0710.jpg\" alt=\"\" class=\"wp-image-1372 size-full\" srcset=\"https:\/\/raulavellaneda.com\/wp-content\/uploads\/web-IMG_0710.jpg 480w, https:\/\/raulavellaneda.com\/wp-content\/uploads\/web-IMG_0710-157x300.jpg 157w\" sizes=\"auto, (max-width: 480px) 85vw, 480px\" \/><\/figure><div class=\"wp-block-media-text__content\">\n<p class=\"has-medium-font-size\"><a href=\"https:\/\/raulavellaneda.com\/?page_id=1285\"><em><em><em><em>\u201c<\/em><\/em><\/em><\/em>Los sue\u00f1os del Papa<em><em><em><em><em><em>\u201d<\/em><\/em><\/em><\/em><\/em><\/em><\/a><\/p>\n\n\n\n<p><em>Objetos y collages sobre la vida del Papa Juan Pablo II<\/em><\/p>\n<\/div><\/div>\n\n\n\n<div style=\"height:120px\" aria-hidden=\"true\" class=\"wp-block-spacer\"><\/div>\n\n\n\n<div class=\"wp-block-media-text is-stacked-on-mobile\" style=\"grid-template-columns:45% auto\"><figure class=\"wp-block-media-text__media\"><img loading=\"lazy\" decoding=\"async\" width=\"840\" height=\"544\" src=\"https:\/\/raulavellaneda.com\/wp-content\/uploads\/web-2-19-2024_009-1.jpg\" alt=\"\" class=\"wp-image-4350 size-full\" srcset=\"https:\/\/raulavellaneda.com\/wp-content\/uploads\/web-2-19-2024_009-1.jpg 840w, https:\/\/raulavellaneda.com\/wp-content\/uploads\/web-2-19-2024_009-1-300x194.jpg 300w, https:\/\/raulavellaneda.com\/wp-content\/uploads\/web-2-19-2024_009-1-768x497.jpg 768w\" sizes=\"auto, (max-width: 709px) 85vw, (max-width: 909px) 67vw, (max-width: 1362px) 62vw, 840px\" \/><\/figure><div class=\"wp-block-media-text__content\">\n<p class=\"has-medium-font-size\"><a href=\"https:\/\/raulavellaneda.com\/?page_id=5056\"><em><em><em><em>\u201c<\/em><\/em><\/em><\/em>Retrato de un general<em><em><em><em><em><em>\u201d<\/em><\/em><\/em><\/em><\/em><\/em><\/a><\/p>\n\n\n\n<p><em>Acci\u00f3n fotogr\u00e1fica con un ex general peruano<\/em><\/p>\n\n\n\n<div style=\"height:100px\" aria-hidden=\"true\" class=\"wp-block-spacer\"><\/div>\n<\/div><\/div>\n\n\n\n<div style=\"height:120px\" aria-hidden=\"true\" class=\"wp-block-spacer\"><\/div>\n\n\n\n<div class=\"wp-block-media-text is-stacked-on-mobile\" style=\"grid-template-columns:40% auto\"><figure class=\"wp-block-media-text__media\"><img loading=\"lazy\" decoding=\"async\" width=\"500\" height=\"723\" src=\"https:\/\/raulavellaneda.com\/wp-content\/uploads\/web-008-.jpg\" alt=\"\" class=\"wp-image-5792 size-full\" srcset=\"https:\/\/raulavellaneda.com\/wp-content\/uploads\/web-008-.jpg 500w, https:\/\/raulavellaneda.com\/wp-content\/uploads\/web-008--207x300.jpg 207w\" sizes=\"auto, (max-width: 500px) 85vw, 500px\" \/><\/figure><div class=\"wp-block-media-text__content\">\n<p><a href=\"https:\/\/raulavellaneda.com\/?page_id=5795\">&#8222;La Inmaculada Concepci\u00f3n&#8220;<\/a><\/p>\n<\/div><\/div>\n\n\n\n<div style=\"height:120px\" aria-hidden=\"true\" class=\"wp-block-spacer\"><\/div>\n\n\n\n<div class=\"wp-block-media-text is-stacked-on-mobile\" style=\"grid-template-columns:40% auto\"><figure class=\"wp-block-media-text__media\"><img loading=\"lazy\" decoding=\"async\" width=\"480\" height=\"667\" src=\"https:\/\/raulavellaneda.com\/wp-content\/uploads\/web-IMG_8089-3.jpg\" alt=\"\" class=\"wp-image-3179 size-full\" srcset=\"https:\/\/raulavellaneda.com\/wp-content\/uploads\/web-IMG_8089-3.jpg 480w, https:\/\/raulavellaneda.com\/wp-content\/uploads\/web-IMG_8089-3-216x300.jpg 216w\" sizes=\"auto, (max-width: 480px) 85vw, 480px\" \/><\/figure><div class=\"wp-block-media-text__content\">\n<p class=\"has-medium-font-size\"><a href=\"https:\/\/raulavellaneda.com\/?page_id=5214\">&nbsp;<em><em><em><em>\u201c<\/em><\/em><\/em><\/em>Sue\u00f1os de vigilia<em><em><em><em><em><em>\u201d<\/em><\/em><\/em><\/em><\/em><\/em><\/a><\/p>\n\n\n\n<p><em>Trabajos con acr\u00edlico sobre los sue\u00f1os de vigilia<\/em><\/p>\n<\/div><\/div>\n\n\n\n<div style=\"height:120px\" aria-hidden=\"true\" class=\"wp-block-spacer\"><\/div>\n\n\n\n<div class=\"wp-block-media-text is-stacked-on-mobile\" style=\"grid-template-columns:45% auto\"><figure class=\"wp-block-media-text__media\"><img loading=\"lazy\" decoding=\"async\" width=\"840\" height=\"544\" src=\"https:\/\/raulavellaneda.com\/wp-content\/uploads\/web-10099-1.jpg\" alt=\"\" class=\"wp-image-2985 size-full\" srcset=\"https:\/\/raulavellaneda.com\/wp-content\/uploads\/web-10099-1.jpg 840w, https:\/\/raulavellaneda.com\/wp-content\/uploads\/web-10099-1-300x194.jpg 300w, https:\/\/raulavellaneda.com\/wp-content\/uploads\/web-10099-1-768x497.jpg 768w\" sizes=\"auto, (max-width: 709px) 85vw, (max-width: 909px) 67vw, (max-width: 1362px) 62vw, 840px\" \/><\/figure><div class=\"wp-block-media-text__content\">\n<p class=\"has-medium-font-size\"><a href=\"https:\/\/raulavellaneda.com\/?page_id=1485\"><em><em><em><em>\u201c<\/em><\/em><\/em><\/em>Carita punteada<em><em><em><em><em><em>\u201d<\/em><\/em><\/em><\/em><\/em><\/em><\/a><\/p>\n\n\n\n<p><em>Acci\u00f3n sobre la lucha entre Eros y Th\u00e1natos en el cementerio de Santa Eulalia en Chosica, Per\u00fa<\/em><\/p>\n\n\n\n<div style=\"height:100px\" aria-hidden=\"true\" class=\"wp-block-spacer\"><\/div>\n<\/div><\/div>\n\n\n\n<div style=\"height:120px\" aria-hidden=\"true\" class=\"wp-block-spacer\"><\/div>\n\n\n\n<div class=\"wp-block-media-text is-stacked-on-mobile\" style=\"grid-template-columns:40% auto\"><figure class=\"wp-block-media-text__media\"><img loading=\"lazy\" decoding=\"async\" width=\"480\" height=\"661\" src=\"https:\/\/raulavellaneda.com\/wp-content\/uploads\/web-IMG_9755-neu-1-1.jpg\" alt=\"\" class=\"wp-image-2805 size-full\" srcset=\"https:\/\/raulavellaneda.com\/wp-content\/uploads\/web-IMG_9755-neu-1-1.jpg 480w, https:\/\/raulavellaneda.com\/wp-content\/uploads\/web-IMG_9755-neu-1-1-218x300.jpg 218w\" sizes=\"auto, (max-width: 480px) 85vw, 480px\" \/><\/figure><div class=\"wp-block-media-text__content\">\n<p class=\"has-medium-font-size\"><a href=\"https:\/\/raulavellaneda.com\/?page_id=5239\"><em><em><em><em>\u201c<\/em><\/em><\/em><\/em>La Realidad y el Deseo<em><em><em><em><em><em>\u201d<\/em><\/em><\/em><\/em><\/em><\/em><\/a><\/p>\n\n\n\n<p><em>Serie de collages sobre poemas de Luis Cernuda <\/em><\/p>\n<\/div><\/div>\n\n\n\n<div style=\"height:120px\" aria-hidden=\"true\" class=\"wp-block-spacer\"><\/div>\n\n\n\n<div class=\"wp-block-media-text is-stacked-on-mobile\" style=\"grid-template-columns:45% auto\"><figure class=\"wp-block-media-text__media\"><img loading=\"lazy\" decoding=\"async\" width=\"900\" height=\"723\" src=\"https:\/\/raulavellaneda.com\/wp-content\/uploads\/web-0b-1-1.jpg\" alt=\"\" class=\"wp-image-5781 size-full\" srcset=\"https:\/\/raulavellaneda.com\/wp-content\/uploads\/web-0b-1-1.jpg 900w, https:\/\/raulavellaneda.com\/wp-content\/uploads\/web-0b-1-1-300x241.jpg 300w, https:\/\/raulavellaneda.com\/wp-content\/uploads\/web-0b-1-1-768x617.jpg 768w\" sizes=\"auto, (max-width: 709px) 85vw, (max-width: 909px) 67vw, (max-width: 1362px) 62vw, 840px\" \/><\/figure><div class=\"wp-block-media-text__content\">\n<p class=\"has-medium-font-size\"><a href=\"https:\/\/raulavellaneda.com\/?page_id=5761\">&#8222;Pecados&#8220;<\/a><\/p>\n<\/div><\/div>\n\n\n\n<div style=\"height:120px\" aria-hidden=\"true\" class=\"wp-block-spacer\"><\/div>\n\n\n\n<div class=\"wp-block-media-text is-stacked-on-mobile\" style=\"grid-template-columns:40% auto\"><figure class=\"wp-block-media-text__media\"><img loading=\"lazy\" decoding=\"async\" width=\"471\" height=\"660\" src=\"https:\/\/raulavellaneda.com\/wp-content\/uploads\/web-angel-de-la-guardaIMG_0286-4.jpg\" alt=\"\" class=\"wp-image-4163 size-full\" srcset=\"https:\/\/raulavellaneda.com\/wp-content\/uploads\/web-angel-de-la-guardaIMG_0286-4.jpg 471w, https:\/\/raulavellaneda.com\/wp-content\/uploads\/web-angel-de-la-guardaIMG_0286-4-214x300.jpg 214w\" sizes=\"auto, (max-width: 471px) 85vw, 471px\" \/><\/figure><div class=\"wp-block-media-text__content\">\n<p class=\"has-medium-font-size\"><a href=\"https:\/\/raulavellaneda.com\/?page_id=5278\"><em><em><em><em>\u201c<\/em><\/em><\/em><\/em>Para un ni\u00f1o apenas difunto<em><em><em><em><em><em>\u201d<\/em><\/em><\/em><\/em><\/em><\/em><\/a><\/p>\n\n\n\n<p><em>Serie de pasteles sobre cuentos infantiles y oraciones<\/em><\/p>\n<\/div><\/div>\n\n\n\n<div style=\"height:120px\" aria-hidden=\"true\" class=\"wp-block-spacer\"><\/div>\n\n\n\n<div class=\"wp-block-media-text is-stacked-on-mobile\" style=\"grid-template-columns:40% auto\"><figure class=\"wp-block-media-text__media\"><img loading=\"lazy\" decoding=\"async\" width=\"500\" height=\"634\" src=\"https:\/\/raulavellaneda.com\/wp-content\/uploads\/web-1-1-1.jpg\" alt=\"\" class=\"wp-image-5826 size-full\" srcset=\"https:\/\/raulavellaneda.com\/wp-content\/uploads\/web-1-1-1.jpg 500w, https:\/\/raulavellaneda.com\/wp-content\/uploads\/web-1-1-1-237x300.jpg 237w\" sizes=\"auto, (max-width: 500px) 85vw, 500px\" \/><\/figure><div class=\"wp-block-media-text__content\">\n<p class=\"has-medium-font-size\"><a href=\"https:\/\/raulavellaneda.com\/?page_id=5818\">&#8222;Caritas Blancas&#8220;<\/a><\/p>\n<\/div><\/div>\n\n\n\n<div style=\"height:120px\" aria-hidden=\"true\" class=\"wp-block-spacer\"><\/div>\n\n\n\n<div class=\"wp-block-media-text is-stacked-on-mobile\" style=\"grid-template-columns:40% auto\"><figure class=\"wp-block-media-text__media\"><img loading=\"lazy\" decoding=\"async\" width=\"480\" height=\"741\" src=\"https:\/\/raulavellaneda.com\/wp-content\/uploads\/web-6-2.jpg\" alt=\"\" class=\"wp-image-2994 size-full\" srcset=\"https:\/\/raulavellaneda.com\/wp-content\/uploads\/web-6-2.jpg 480w, https:\/\/raulavellaneda.com\/wp-content\/uploads\/web-6-2-194x300.jpg 194w\" sizes=\"auto, (max-width: 480px) 85vw, 480px\" \/><\/figure><div class=\"wp-block-media-text__content\">\n<p class=\"has-medium-font-size\"><a href=\"https:\/\/raulavellaneda.com\/?page_id=5292\"><em><em><em><em>\u201c<\/em><\/em><\/em><\/em>Escenas familiares<em><em><em><em><em><em>\u201d<\/em><\/em><\/em><\/em><\/em><\/em><\/a><\/p>\n\n\n\n<p><em>Acci\u00f3n fotogr\u00e1fica sobre la opresi\u00f3n<\/em><\/p>\n<\/div><\/div>\n\n\n\n<div style=\"height:120px\" aria-hidden=\"true\" class=\"wp-block-spacer\"><\/div>\n\n\n\n<div class=\"wp-block-media-text is-stacked-on-mobile\" style=\"grid-template-columns:40% auto\"><figure class=\"wp-block-media-text__media\"><img loading=\"lazy\" decoding=\"async\" width=\"480\" height=\"613\" src=\"https:\/\/raulavellaneda.com\/wp-content\/uploads\/web-IMG_0237-1.jpg\" alt=\"\" class=\"wp-image-2832 size-full\" srcset=\"https:\/\/raulavellaneda.com\/wp-content\/uploads\/web-IMG_0237-1.jpg 480w, https:\/\/raulavellaneda.com\/wp-content\/uploads\/web-IMG_0237-1-235x300.jpg 235w\" sizes=\"auto, (max-width: 480px) 85vw, 480px\" \/><\/figure><div class=\"wp-block-media-text__content\">\n<p class=\"has-medium-font-size\"><a href=\"https:\/\/raulavellaneda.com\/?page_id=2836\"><em><em><em><em>\u201c<\/em><\/em><\/em><\/em>Retrato de mi padre<em><em><em><em><em><em>\u201d<\/em><\/em><\/em><\/em><\/em><\/em><\/a><\/p>\n\n\n\n<p><em>Ensamblajes sobre el rostro de mi Padre<\/em><\/p>\n<\/div><\/div>\n\n\n\n<div style=\"height:120px\" aria-hidden=\"true\" class=\"wp-block-spacer\"><\/div>\n\n\n\n<div class=\"wp-block-media-text is-stacked-on-mobile\" style=\"grid-template-columns:40% auto\"><figure class=\"wp-block-media-text__media\"><img loading=\"lazy\" decoding=\"async\" width=\"480\" height=\"609\" src=\"https:\/\/raulavellaneda.com\/wp-content\/uploads\/web-IMG_0782-1.jpg\" alt=\"\" class=\"wp-image-2217 size-full\" srcset=\"https:\/\/raulavellaneda.com\/wp-content\/uploads\/web-IMG_0782-1.jpg 480w, https:\/\/raulavellaneda.com\/wp-content\/uploads\/web-IMG_0782-1-236x300.jpg 236w\" sizes=\"auto, (max-width: 480px) 85vw, 480px\" \/><\/figure><div class=\"wp-block-media-text__content\">\n<p class=\"has-medium-font-size\"><a href=\"https:\/\/raulavellaneda.com\/?page_id=2191\"><em><em><em><em>\u201c<\/em><\/em><\/em><\/em>Los insaciables<em><em><em><em><em><em>\u201d<\/em><\/em><\/em><\/em><\/em><\/em><\/a><\/p>\n\n\n\n<p><em>Dibujos y collages sobre la falsa moral, la f\u00e9 degenerada, la persecuci\u00f3n y la tortura<\/em><\/p>\n<\/div><\/div>\n\n\n\n<div style=\"height:120px\" aria-hidden=\"true\" class=\"wp-block-spacer\"><\/div>\n\n\n\n<div class=\"wp-block-media-text is-stacked-on-mobile\" style=\"grid-template-columns:40% auto\"><figure class=\"wp-block-media-text__media\"><img loading=\"lazy\" decoding=\"async\" width=\"480\" height=\"628\" src=\"https:\/\/raulavellaneda.com\/wp-content\/uploads\/web-IMG_0683-1.jpg\" alt=\"\" class=\"wp-image-1690 size-full\" srcset=\"https:\/\/raulavellaneda.com\/wp-content\/uploads\/web-IMG_0683-1.jpg 480w, https:\/\/raulavellaneda.com\/wp-content\/uploads\/web-IMG_0683-1-229x300.jpg 229w\" sizes=\"auto, (max-width: 480px) 85vw, 480px\" \/><\/figure><div class=\"wp-block-media-text__content\">\n<p class=\"has-medium-font-size\"><a href=\"https:\/\/raulavellaneda.com\/?page_id=1664\"><em><em><em><em>\u201c<\/em><\/em><\/em><\/em>La ventana del alma<em><em><em><em><em><em>\u201d<\/em><\/em><\/em><\/em><\/em><\/em><\/a><\/p>\n\n\n\n<p><em>Reflexiones sobre algunas cabezas de Leonardo da Vinci<\/em><\/p>\n<\/div><\/div>\n\n\n\n<div style=\"height:0px\" aria-hidden=\"true\" class=\"wp-block-spacer\"><\/div>\n\n\n\n<div style=\"height:120px\" aria-hidden=\"true\" class=\"wp-block-spacer\"><\/div>\n\n\n\n<div class=\"wp-block-media-text is-stacked-on-mobile\" style=\"grid-template-columns:40% auto\"><figure class=\"wp-block-media-text__media\"><img loading=\"lazy\" decoding=\"async\" width=\"480\" height=\"741\" src=\"https:\/\/raulavellaneda.com\/wp-content\/uploads\/12-1-5.jpg\" alt=\"\" class=\"wp-image-2999 size-full\" srcset=\"https:\/\/raulavellaneda.com\/wp-content\/uploads\/12-1-5.jpg 480w, https:\/\/raulavellaneda.com\/wp-content\/uploads\/12-1-5-194x300.jpg 194w\" sizes=\"auto, (max-width: 480px) 85vw, 480px\" \/><\/figure><div class=\"wp-block-media-text__content\">\n<p class=\"has-medium-font-size\"><a href=\"https:\/\/raulavellaneda.com\/?page_id=2537\"><em><em><em><em>\u201c<\/em><\/em><\/em><\/em>La Gatita Carlota<em><em><em><em><em><em>\u201d<\/em><\/em><\/em><\/em><\/em><\/em><\/a><\/p>\n\n\n\n<p><em>Acci\u00f3n en un cuarto abandonado en la casa del Grupo Chaclacayo<\/em><\/p>\n<\/div><\/div>\n\n\n\n<div style=\"height:120px\" aria-hidden=\"true\" class=\"wp-block-spacer\"><\/div>\n\n\n\n<div class=\"wp-block-media-text is-stacked-on-mobile\" style=\"grid-template-columns:40% auto\"><figure class=\"wp-block-media-text__media\"><img loading=\"lazy\" decoding=\"async\" width=\"480\" height=\"663\" src=\"https:\/\/raulavellaneda.com\/wp-content\/uploads\/web-IMG_0656-243-x-35-1-1.jpg\" alt=\"\" class=\"wp-image-3721 size-full\" srcset=\"https:\/\/raulavellaneda.com\/wp-content\/uploads\/web-IMG_0656-243-x-35-1-1.jpg 480w, https:\/\/raulavellaneda.com\/wp-content\/uploads\/web-IMG_0656-243-x-35-1-1-217x300.jpg 217w\" sizes=\"auto, (max-width: 480px) 85vw, 480px\" \/><\/figure><div class=\"wp-block-media-text__content\">\n<p class=\"has-medium-font-size\"><a href=\"https:\/\/raulavellaneda.com\/?page_id=2174\"><em><em><em><em>\u201c<\/em><\/em><\/em><\/em>La impotencia de los reyes<em><em><em><em><em><em>\u201d<\/em><\/em><\/em><\/em><\/em><\/em><\/a><\/p>\n\n\n\n<p><em>Dibujos al pastel sobre la lucha interna de los hombres homosexuales<\/em><\/p>\n<\/div><\/div>\n\n\n\n<div style=\"height:120px\" aria-hidden=\"true\" class=\"wp-block-spacer\"><\/div>\n\n\n\n<div class=\"wp-block-media-text is-stacked-on-mobile\" style=\"grid-template-columns:40% auto\"><figure class=\"wp-block-media-text__media\"><img loading=\"lazy\" decoding=\"async\" width=\"480\" height=\"677\" src=\"https:\/\/raulavellaneda.com\/wp-content\/uploads\/web-IMG_0865.jpg\" alt=\"\" class=\"wp-image-4151 size-full\" srcset=\"https:\/\/raulavellaneda.com\/wp-content\/uploads\/web-IMG_0865.jpg 480w, https:\/\/raulavellaneda.com\/wp-content\/uploads\/web-IMG_0865-213x300.jpg 213w\" sizes=\"auto, (max-width: 480px) 85vw, 480px\" \/><\/figure><div class=\"wp-block-media-text__content\">\n<p class=\"has-medium-font-size\"><a href=\"https:\/\/raulavellaneda.com\/?page_id=4153\"><em><em><em><em>\u201c<\/em><\/em><\/em><\/em>Atletas amantes<em><em><em><em><em><em>\u201d<\/em><\/em><\/em><\/em><\/em><\/em><\/a><\/p>\n\n\n\n<p><em>Trabajos al pastel sobre la autorepresi\u00f3n de un atleta<\/em><\/p>\n<\/div><\/div>\n\n\n\n<div style=\"height:120px\" aria-hidden=\"true\" class=\"wp-block-spacer\"><\/div>\n\n\n\n<div class=\"wp-block-media-text is-stacked-on-mobile\" style=\"grid-template-columns:45% auto\"><figure class=\"wp-block-media-text__media\"><img loading=\"lazy\" decoding=\"async\" width=\"840\" height=\"656\" src=\"https:\/\/raulavellaneda.com\/wp-content\/uploads\/web-IMG_0748-3.jpg\" alt=\"\" class=\"wp-image-2884 size-full\" srcset=\"https:\/\/raulavellaneda.com\/wp-content\/uploads\/web-IMG_0748-3.jpg 840w, https:\/\/raulavellaneda.com\/wp-content\/uploads\/web-IMG_0748-3-300x234.jpg 300w, https:\/\/raulavellaneda.com\/wp-content\/uploads\/web-IMG_0748-3-768x600.jpg 768w\" sizes=\"auto, (max-width: 709px) 85vw, (max-width: 909px) 67vw, (max-width: 1362px) 62vw, 840px\" \/><\/figure><div class=\"wp-block-media-text__content\">\n<p class=\"has-medium-font-size\"><a href=\"https:\/\/raulavellaneda.com\/?page_id=1587\"><em><em><em><em>\u201c<\/em><\/em><\/em><\/em>La liberaci\u00f3n<em><em><em><em><em><em>\u201d<\/em><\/em><\/em><\/em><\/em><\/em> <\/a><\/p>\n\n\n\n<p><em>Pinturas al \u00f3leo de gran formato sobre la liberaci\u00f3n interna<\/em><\/p>\n<\/div><\/div>\n\n\n\n<div style=\"height:120px\" aria-hidden=\"true\" class=\"wp-block-spacer\"><\/div>\n\n\n\n<div class=\"wp-block-media-text is-stacked-on-mobile\" style=\"grid-template-columns:40% auto\"><figure class=\"wp-block-media-text__media\"><img loading=\"lazy\" decoding=\"async\" width=\"480\" height=\"647\" src=\"https:\/\/raulavellaneda.com\/wp-content\/uploads\/web-Familia-linda-1980-Acrilico-sobre-tela-53-x-71cm-4.jpg\" alt=\"\" class=\"wp-image-4996 size-full\" srcset=\"https:\/\/raulavellaneda.com\/wp-content\/uploads\/web-Familia-linda-1980-Acrilico-sobre-tela-53-x-71cm-4.jpg 480w, https:\/\/raulavellaneda.com\/wp-content\/uploads\/web-Familia-linda-1980-Acrilico-sobre-tela-53-x-71cm-4-223x300.jpg 223w\" sizes=\"auto, (max-width: 480px) 85vw, 480px\" \/><\/figure><div class=\"wp-block-media-text__content\">\n<p class=\"has-medium-font-size\"><a href=\"https:\/\/raulavellaneda.com\/?page_id=2008\">Obras de la \u00e9poca de mis estudios (1978 -1982)<\/a><\/p>\n\n\n\n<p><em>Trabajos con \u00f3leo y  acr\u00edlico de la \u00e9poca de mis estudios<\/em><\/p>\n<\/div><\/div>\n\n\n\n<div style=\"height:120px\" aria-hidden=\"true\" class=\"wp-block-spacer\"><\/div>\n\n\n\n<div class=\"wp-block-media-text is-stacked-on-mobile\" style=\"grid-template-columns:40% auto\"><figure class=\"wp-block-media-text__media\"><img loading=\"lazy\" decoding=\"async\" width=\"480\" height=\"669\" src=\"https:\/\/raulavellaneda.com\/wp-content\/uploads\/web-IMG_0783-3.jpg\" alt=\"\" class=\"wp-image-2907 size-full\" srcset=\"https:\/\/raulavellaneda.com\/wp-content\/uploads\/web-IMG_0783-3.jpg 480w, https:\/\/raulavellaneda.com\/wp-content\/uploads\/web-IMG_0783-3-215x300.jpg 215w\" sizes=\"auto, (max-width: 480px) 85vw, 480px\" \/><\/figure><div class=\"wp-block-media-text__content\">\n<p class=\"has-medium-font-size\"><a href=\"https:\/\/raulavellaneda.com\/?page_id=756\">Autorretratos<\/a><\/p>\n\n\n\n<p><em>Autocretratos en diferentes \u00e9pocas de mi vida entre 1976 y 2024<\/em><\/p>\n<\/div><\/div>\n\n\n\n<div style=\"height:120px\" aria-hidden=\"true\" class=\"wp-block-spacer\"><\/div>\n\n\n\n<div class=\"wp-block-media-text is-stacked-on-mobile\" style=\"grid-template-columns:40% auto\"><figure class=\"wp-block-media-text__media\"><img loading=\"lazy\" decoding=\"async\" width=\"480\" height=\"595\" src=\"https:\/\/raulavellaneda.com\/wp-content\/uploads\/web-IMG_0622-3.jpg\" alt=\"\" class=\"wp-image-3998 size-full\" srcset=\"https:\/\/raulavellaneda.com\/wp-content\/uploads\/web-IMG_0622-3.jpg 480w, https:\/\/raulavellaneda.com\/wp-content\/uploads\/web-IMG_0622-3-242x300.jpg 242w\" sizes=\"auto, (max-width: 480px) 85vw, 480px\" \/><\/figure><div class=\"wp-block-media-text__content\">\n<p class=\"has-medium-font-size\"><a href=\"https:\/\/raulavellaneda.com\/?page_id=1761\">Otras obras<\/a><\/p>\n\n\n\n<p><\/p>\n<\/div><\/div>\n\n\n\n<div style=\"height:120px\" aria-hidden=\"true\" class=\"wp-block-spacer\"><\/div>\n\n\n\n<div style=\"height:120px\" aria-hidden=\"true\" class=\"wp-block-spacer\"><\/div>\n","protected":false},"excerpt":{"rendered":"<p>\u201cDina y Donald\u201d Ensamblajes sobre la situaci\u00f3n pol\u00edtica en Per\u00fa y Estados Unidos \u201cNi\u00f1o, prom\u00e9teme que te matar\u00e1s\u201d Ensamblajes y collages sobre el suicidio infantil \u201cLetan\u00edas acalladas\u201d Ensamblajes sobre infancia, familia, fe y sociedad \u201cLos sue\u00f1os del Papa\u201d Objetos y collages sobre la vida del Papa Juan Pablo II &#8222;La Inmaculada Concepci\u00f3n&#8220; &nbsp;\u201cSue\u00f1os de vigilia\u201d &hellip; <a href=\"https:\/\/raulavellaneda.com\/?page_id=1337\" class=\"more-link\"><span class=\"screen-reader-text\">\u201eObras\u201c<\/span> weiterlesen<\/a><\/p>\n","protected":false},"author":1,"featured_media":0,"parent":0,"menu_order":0,"comment_status":"closed","ping_status":"closed","template":"","meta":{"footnotes":""},"class_list":["post-1337","page","type-page","status-publish","hentry"],"_links":{"self":[{"href":"https:\/\/raulavellaneda.com\/index.php?rest_route=\/wp\/v2\/pages\/1337","targetHints":{"allow":["GET"]}}],"collection":[{"href":"https:\/\/raulavellaneda.com\/index.php?rest_route=\/wp\/v2\/pages"}],"about":[{"href":"https:\/\/raulavellaneda.com\/index.php?rest_route=\/wp\/v2\/types\/page"}],"author":[{"embeddable":true,"href":"https:\/\/raulavellaneda.com\/index.php?rest_route=\/wp\/v2\/users\/1"}],"replies":[{"embeddable":true,"href":"https:\/\/raulavellaneda.com\/index.php?rest_route=%2Fwp%2Fv2%2Fcomments&post=1337"}],"version-history":[{"count":215,"href":"https:\/\/raulavellaneda.com\/index.php?rest_route=\/wp\/v2\/pages\/1337\/revisions"}],"predecessor-version":[{"id":5828,"href":"https:\/\/raulavellaneda.com\/index.php?rest_route=\/wp\/v2\/pages\/1337\/revisions\/5828"}],"wp:attachment":[{"href":"https:\/\/raulavellaneda.com\/index.php?rest_route=%2Fwp%2Fv2%2Fmedia&parent=1337"}],"curies":[{"name":"wp","href":"https:\/\/api.w.org\/{rel}","templated":true}]}}