{"id":1485,"date":"2023-11-16T13:23:57","date_gmt":"2023-11-16T12:23:57","guid":{"rendered":"http:\/\/raulavellaneda.com\/?page_id=1485"},"modified":"2024-09-28T23:33:33","modified_gmt":"2024-09-28T21:33:33","slug":"carita-punteada-1983","status":"publish","type":"page","link":"https:\/\/raulavellaneda.com\/?page_id=1485","title":{"rendered":"&#8222;Carita Punteada&#8220;"},"content":{"rendered":"\n<p id=\"block-f0c22247-021d-49e8-a36f-9dcf5cbc477e\">Serie fotogr\u00e1fica realizada en el cementerio Santa Eulalia de Chosica, 1983 &#8211; 1986, Lima-Per\u00fa.<\/p>\n\n\n\n<div style=\"height:20px\" aria-hidden=\"true\" class=\"wp-block-spacer\"><\/div>\n\n\n\n<figure class=\"wp-block-image size-full\"><img loading=\"lazy\" decoding=\"async\" width=\"840\" height=\"534\" src=\"https:\/\/raulavellaneda.com\/wp-content\/uploads\/Web-IMG_0892.jpg\" alt=\"\" class=\"wp-image-4278\" srcset=\"https:\/\/raulavellaneda.com\/wp-content\/uploads\/Web-IMG_0892.jpg 840w, https:\/\/raulavellaneda.com\/wp-content\/uploads\/Web-IMG_0892-300x191.jpg 300w, https:\/\/raulavellaneda.com\/wp-content\/uploads\/Web-IMG_0892-768x488.jpg 768w\" sizes=\"auto, (max-width: 709px) 85vw, (max-width: 909px) 67vw, (max-width: 1362px) 62vw, 840px\" \/><figcaption class=\"wp-element-caption\">Cementerio de Santa Eulalia, Chosica, Lima &#8211; Per\u00fa<\/figcaption><\/figure>\n\n\n\n<div style=\"height:20px\" aria-hidden=\"true\" class=\"wp-block-spacer\"><\/div>\n\n\n\n<p class=\"has-medium-font-size\"><em><em>&#8222;La omnipresencia de la muerte me ha acompa\u00f1ado desde mi m\u00e1s tierna infancia. Me sent\u00eda interiormente unido a ella como una compa\u00f1era que nunca me abandonar\u00eda. La muerte como consecuencia del abuso de poder, en el Per\u00fa de los a\u00f1os ochenta, me movi\u00f3 a realizar este acto de resistencia, en el que experiment\u00e9 mi lucha interior entre Eros y T\u00e1natos frente a tumbas vac\u00edas.&#8220;<\/em><\/em><\/p>\n\n\n\n<div style=\"height:120px\" aria-hidden=\"true\" class=\"wp-block-spacer\"><\/div>\n\n\n\n<figure class=\"wp-block-image size-full\"><img loading=\"lazy\" decoding=\"async\" width=\"837\" height=\"544\" src=\"https:\/\/raulavellaneda.com\/wp-content\/uploads\/web-2-19-2024_001-1.jpg\" alt=\"\" class=\"wp-image-4320\" srcset=\"https:\/\/raulavellaneda.com\/wp-content\/uploads\/web-2-19-2024_001-1.jpg 837w, https:\/\/raulavellaneda.com\/wp-content\/uploads\/web-2-19-2024_001-1-300x195.jpg 300w, https:\/\/raulavellaneda.com\/wp-content\/uploads\/web-2-19-2024_001-1-768x499.jpg 768w\" sizes=\"auto, (max-width: 837px) 85vw, 837px\" \/><figcaption class=\"wp-element-caption\">En la preparaci\u00f3n de los requisitos<\/figcaption><\/figure>\n\n\n\n<div style=\"height:120px\" aria-hidden=\"true\" class=\"wp-block-spacer\"><\/div>\n\n\n\n<div class=\"wp-block-columns is-layout-flex wp-container-core-columns-is-layout-1 wp-block-columns-is-layout-flex\">\n<div class=\"wp-block-column is-layout-flow wp-block-column-is-layout-flow\">\n<figure class=\"wp-block-image size-full is-resized\"><img loading=\"lazy\" decoding=\"async\" width=\"480\" height=\"741\" src=\"https:\/\/raulavellaneda.com\/wp-content\/uploads\/web-0004-1.jpg\" alt=\"\" class=\"wp-image-4284\" style=\"width:350px\" srcset=\"https:\/\/raulavellaneda.com\/wp-content\/uploads\/web-0004-1.jpg 480w, https:\/\/raulavellaneda.com\/wp-content\/uploads\/web-0004-1-194x300.jpg 194w\" sizes=\"auto, (max-width: 480px) 85vw, 480px\" \/><\/figure>\n<\/div>\n\n\n\n<div class=\"wp-block-column is-layout-flow wp-block-column-is-layout-flow\">\n<figure class=\"wp-block-image size-full is-resized\"><img loading=\"lazy\" decoding=\"async\" width=\"480\" height=\"741\" src=\"https:\/\/raulavellaneda.com\/wp-content\/uploads\/web-0030-2.jpg\" alt=\"\" class=\"wp-image-4290\" style=\"width:350px\" srcset=\"https:\/\/raulavellaneda.com\/wp-content\/uploads\/web-0030-2.jpg 480w, https:\/\/raulavellaneda.com\/wp-content\/uploads\/web-0030-2-194x300.jpg 194w\" sizes=\"auto, (max-width: 480px) 85vw, 480px\" \/><\/figure>\n<\/div>\n<\/div>\n\n\n\n<div style=\"height:120px\" aria-hidden=\"true\" class=\"wp-block-spacer\"><\/div>\n\n\n\n<figure class=\"wp-block-image size-full\"><img loading=\"lazy\" decoding=\"async\" width=\"840\" height=\"544\" src=\"https:\/\/raulavellaneda.com\/wp-content\/uploads\/web-10099.jpg\" alt=\"\" class=\"wp-image-1914\" srcset=\"https:\/\/raulavellaneda.com\/wp-content\/uploads\/web-10099.jpg 840w, https:\/\/raulavellaneda.com\/wp-content\/uploads\/web-10099-300x194.jpg 300w, https:\/\/raulavellaneda.com\/wp-content\/uploads\/web-10099-768x497.jpg 768w\" sizes=\"auto, (max-width: 709px) 85vw, (max-width: 909px) 67vw, (max-width: 1362px) 62vw, 840px\" \/><\/figure>\n\n\n\n<div style=\"height:100px\" aria-hidden=\"true\" class=\"wp-block-spacer\"><\/div>\n\n\n\n<figure class=\"wp-block-image size-full\"><img loading=\"lazy\" decoding=\"async\" width=\"840\" height=\"544\" src=\"https:\/\/raulavellaneda.com\/wp-content\/uploads\/web-100109.jpg\" alt=\"\" class=\"wp-image-1915\" srcset=\"https:\/\/raulavellaneda.com\/wp-content\/uploads\/web-100109.jpg 840w, https:\/\/raulavellaneda.com\/wp-content\/uploads\/web-100109-300x194.jpg 300w, https:\/\/raulavellaneda.com\/wp-content\/uploads\/web-100109-768x497.jpg 768w\" sizes=\"auto, (max-width: 709px) 85vw, (max-width: 909px) 67vw, (max-width: 1362px) 62vw, 840px\" \/><\/figure>\n\n\n\n<div style=\"height:120px\" aria-hidden=\"true\" class=\"wp-block-spacer\"><\/div>\n\n\n\n<div class=\"wp-block-columns is-layout-flex wp-container-core-columns-is-layout-2 wp-block-columns-is-layout-flex\">\n<div class=\"wp-block-column is-layout-flow wp-block-column-is-layout-flow\">\n<figure class=\"wp-block-image size-full is-resized\"><img loading=\"lazy\" decoding=\"async\" width=\"480\" height=\"736\" src=\"https:\/\/raulavellaneda.com\/wp-content\/uploads\/web-00010.jpg\" alt=\"\" class=\"wp-image-1920\" style=\"width:350px\" srcset=\"https:\/\/raulavellaneda.com\/wp-content\/uploads\/web-00010.jpg 480w, https:\/\/raulavellaneda.com\/wp-content\/uploads\/web-00010-196x300.jpg 196w\" sizes=\"auto, (max-width: 480px) 85vw, 480px\" \/><\/figure>\n<\/div>\n\n\n\n<div class=\"wp-block-column is-layout-flow wp-block-column-is-layout-flow\">\n<figure class=\"wp-block-image size-full is-resized\"><img loading=\"lazy\" decoding=\"async\" width=\"480\" height=\"741\" src=\"https:\/\/raulavellaneda.com\/wp-content\/uploads\/web-00011-1.jpg\" alt=\"\" class=\"wp-image-1921\" style=\"width:350px\" srcset=\"https:\/\/raulavellaneda.com\/wp-content\/uploads\/web-00011-1.jpg 480w, https:\/\/raulavellaneda.com\/wp-content\/uploads\/web-00011-1-194x300.jpg 194w\" sizes=\"auto, (max-width: 480px) 85vw, 480px\" \/><\/figure>\n<\/div>\n<\/div>\n\n\n\n<div style=\"height:100px\" aria-hidden=\"true\" class=\"wp-block-spacer\"><\/div>\n\n\n\n<div style=\"height:100px\" aria-hidden=\"true\" class=\"wp-block-spacer\"><\/div>\n\n\n<div class=\"wp-block-image\">\n<figure class=\"aligncenter size-full is-resized\"><img loading=\"lazy\" decoding=\"async\" width=\"480\" height=\"741\" src=\"https:\/\/raulavellaneda.com\/wp-content\/uploads\/web-0061.jpg\" alt=\"\" class=\"wp-image-1926\" style=\"width:480px\" srcset=\"https:\/\/raulavellaneda.com\/wp-content\/uploads\/web-0061.jpg 480w, https:\/\/raulavellaneda.com\/wp-content\/uploads\/web-0061-194x300.jpg 194w\" sizes=\"auto, (max-width: 480px) 85vw, 480px\" \/><\/figure><\/div>\n\n\n<div style=\"height:120px\" aria-hidden=\"true\" class=\"wp-block-spacer\"><\/div>\n\n\n<div class=\"wp-block-image\">\n<figure class=\"aligncenter size-full is-resized\"><img loading=\"lazy\" decoding=\"async\" width=\"480\" height=\"741\" src=\"https:\/\/raulavellaneda.com\/wp-content\/uploads\/web-0013-2.jpg\" alt=\"\" class=\"wp-image-1927\" style=\"width:480px\" srcset=\"https:\/\/raulavellaneda.com\/wp-content\/uploads\/web-0013-2.jpg 480w, https:\/\/raulavellaneda.com\/wp-content\/uploads\/web-0013-2-194x300.jpg 194w\" sizes=\"auto, (max-width: 480px) 85vw, 480px\" \/><\/figure><\/div>\n\n\n<div style=\"height:120px\" aria-hidden=\"true\" class=\"wp-block-spacer\"><\/div>\n\n\n\n<div class=\"wp-block-columns is-layout-flex wp-container-core-columns-is-layout-3 wp-block-columns-is-layout-flex\">\n<div class=\"wp-block-column is-layout-flow wp-block-column-is-layout-flow\" style=\"flex-basis:50%\">\n<figure class=\"wp-block-image size-full is-resized\"><img loading=\"lazy\" decoding=\"async\" width=\"480\" height=\"741\" src=\"https:\/\/raulavellaneda.com\/wp-content\/uploads\/web62.jpg\" alt=\"\" class=\"wp-image-4294\" style=\"width:350px\" srcset=\"https:\/\/raulavellaneda.com\/wp-content\/uploads\/web62.jpg 480w, https:\/\/raulavellaneda.com\/wp-content\/uploads\/web62-194x300.jpg 194w\" sizes=\"auto, (max-width: 480px) 85vw, 480px\" \/><\/figure>\n<\/div>\n\n\n\n<div class=\"wp-block-column is-layout-flow wp-block-column-is-layout-flow\" style=\"flex-basis:50%\">\n<figure class=\"wp-block-image size-full is-resized\"><img loading=\"lazy\" decoding=\"async\" width=\"480\" height=\"741\" src=\"https:\/\/raulavellaneda.com\/wp-content\/uploads\/web-69.jpg\" alt=\"\" class=\"wp-image-4295\" style=\"width:350px\" srcset=\"https:\/\/raulavellaneda.com\/wp-content\/uploads\/web-69.jpg 480w, https:\/\/raulavellaneda.com\/wp-content\/uploads\/web-69-194x300.jpg 194w\" sizes=\"auto, (max-width: 480px) 85vw, 480px\" \/><\/figure>\n<\/div>\n<\/div>\n\n\n\n<div style=\"height:120px\" aria-hidden=\"true\" class=\"wp-block-spacer\"><\/div>\n\n\n<div class=\"wp-block-image\">\n<figure class=\"aligncenter size-full is-resized\"><img loading=\"lazy\" decoding=\"async\" width=\"480\" height=\"741\" src=\"https:\/\/raulavellaneda.com\/wp-content\/uploads\/web-0017-2.jpg\" alt=\"\" class=\"wp-image-4262\" style=\"width:480px\" srcset=\"https:\/\/raulavellaneda.com\/wp-content\/uploads\/web-0017-2.jpg 480w, https:\/\/raulavellaneda.com\/wp-content\/uploads\/web-0017-2-194x300.jpg 194w\" sizes=\"auto, (max-width: 480px) 85vw, 480px\" \/><\/figure><\/div>\n\n\n<div style=\"height:120px\" aria-hidden=\"true\" class=\"wp-block-spacer\"><\/div>\n\n\n<div class=\"wp-block-image\">\n<figure class=\"aligncenter size-full is-resized\"><img loading=\"lazy\" decoding=\"async\" width=\"480\" height=\"741\" src=\"https:\/\/raulavellaneda.com\/wp-content\/uploads\/web-1006.jpg\" alt=\"\" class=\"wp-image-1929\" style=\"width:480px\" srcset=\"https:\/\/raulavellaneda.com\/wp-content\/uploads\/web-1006.jpg 480w, https:\/\/raulavellaneda.com\/wp-content\/uploads\/web-1006-194x300.jpg 194w\" sizes=\"auto, (max-width: 480px) 85vw, 480px\" \/><\/figure><\/div>\n\n\n<div style=\"height:120px\" aria-hidden=\"true\" class=\"wp-block-spacer\"><\/div>\n\n\n<div class=\"wp-block-image\">\n<figure class=\"aligncenter size-full\"><img loading=\"lazy\" decoding=\"async\" width=\"480\" height=\"718\" src=\"https:\/\/raulavellaneda.com\/wp-content\/uploads\/web-gute-0045.jpg\" alt=\"\" class=\"wp-image-4302\" srcset=\"https:\/\/raulavellaneda.com\/wp-content\/uploads\/web-gute-0045.jpg 480w, https:\/\/raulavellaneda.com\/wp-content\/uploads\/web-gute-0045-201x300.jpg 201w\" sizes=\"auto, (max-width: 480px) 85vw, 480px\" \/><\/figure><\/div>\n\n\n<div style=\"height:120px\" aria-hidden=\"true\" class=\"wp-block-spacer\"><\/div>\n\n\n\n<figure class=\"wp-block-image size-full\"><img loading=\"lazy\" decoding=\"async\" width=\"840\" height=\"544\" src=\"https:\/\/raulavellaneda.com\/wp-content\/uploads\/web-1001.jpg\" alt=\"\" class=\"wp-image-1930\" srcset=\"https:\/\/raulavellaneda.com\/wp-content\/uploads\/web-1001.jpg 840w, https:\/\/raulavellaneda.com\/wp-content\/uploads\/web-1001-300x194.jpg 300w, https:\/\/raulavellaneda.com\/wp-content\/uploads\/web-1001-768x497.jpg 768w\" sizes=\"auto, (max-width: 709px) 85vw, (max-width: 909px) 67vw, (max-width: 1362px) 62vw, 840px\" \/><\/figure>\n\n\n\n<div style=\"height:100px\" aria-hidden=\"true\" class=\"wp-block-spacer\"><\/div>\n\n\n<div class=\"wp-block-image\">\n<figure class=\"aligncenter size-full is-resized\"><img loading=\"lazy\" decoding=\"async\" width=\"480\" height=\"741\" src=\"https:\/\/raulavellaneda.com\/wp-content\/uploads\/web-61.jpg\" alt=\"\" class=\"wp-image-1931\" style=\"width:480px\" srcset=\"https:\/\/raulavellaneda.com\/wp-content\/uploads\/web-61.jpg 480w, https:\/\/raulavellaneda.com\/wp-content\/uploads\/web-61-194x300.jpg 194w\" sizes=\"auto, (max-width: 480px) 85vw, 480px\" \/><\/figure><\/div>\n\n\n<div style=\"height:120px\" aria-hidden=\"true\" class=\"wp-block-spacer\"><\/div>\n\n\n<div class=\"wp-block-image\">\n<figure class=\"aligncenter size-full is-resized\"><img loading=\"lazy\" decoding=\"async\" width=\"480\" height=\"741\" src=\"https:\/\/raulavellaneda.com\/wp-content\/uploads\/web-0060.jpg\" alt=\"\" class=\"wp-image-1932\" style=\"width:480px\" srcset=\"https:\/\/raulavellaneda.com\/wp-content\/uploads\/web-0060.jpg 480w, https:\/\/raulavellaneda.com\/wp-content\/uploads\/web-0060-194x300.jpg 194w\" sizes=\"auto, (max-width: 480px) 85vw, 480px\" \/><\/figure><\/div>\n\n\n<div style=\"height:20px\" aria-hidden=\"true\" class=\"wp-block-spacer\"><\/div>\n\n\n\n<p>Fotos: Sergio Zevallos  (acci\u00f3n) \/ Ra\u00fal Avellaneda (documentaci\u00f3n)<\/p>\n\n\n\n<h2 class=\"wp-block-heading has-medium-font-size\">Documentaci\u00f3n<\/h2>\n\n\n\n<div style=\"height:20px\" aria-hidden=\"true\" class=\"wp-block-spacer\"><\/div>\n\n\n\n<p class=\"has-medium-font-size\"><em><em>&#8222;Las consecuencias de la pobreza, y los valores intr\u00ednsecos perdidos como consecuencia de ella, condujeron a la manipulaci\u00f3n banal de los restos humanos. Fleytas, un amigo que trabajaba como sepulturero en el cementerio de Chosica, hab\u00eda encontrado all\u00ed alojamiento y viv\u00eda con los muertos. Los pobres s\u00f3lo pod\u00edan permitirse pagar temporalmente un hogar permanente para sus parientes muertos. Fleytas ten\u00eda que vaciar regularmente las tumbas y quemar los restos en el vertedero del cementerio&#8220;.<\/em><\/em><\/p>\n\n\n\n<div style=\"height:100px\" aria-hidden=\"true\" class=\"wp-block-spacer\"><\/div>\n\n\n<div class=\"wp-block-image\">\n<figure class=\"aligncenter size-full\"><img loading=\"lazy\" decoding=\"async\" width=\"480\" height=\"741\" src=\"https:\/\/raulavellaneda.com\/wp-content\/uploads\/web-b2.jpg\" alt=\"\" class=\"wp-image-4265\" srcset=\"https:\/\/raulavellaneda.com\/wp-content\/uploads\/web-b2.jpg 480w, https:\/\/raulavellaneda.com\/wp-content\/uploads\/web-b2-194x300.jpg 194w\" sizes=\"auto, (max-width: 480px) 85vw, 480px\" \/><figcaption class=\"wp-element-caption\">Cementerio Central en Lima, los restos in\u00fatiles son arrojados a los tejados de las tumbas.<\/figcaption><\/figure><\/div>\n\n\n<div style=\"height:100px\" aria-hidden=\"true\" class=\"wp-block-spacer\"><\/div>\n\n\n<div class=\"wp-block-image\">\n<figure class=\"aligncenter size-full\"><img loading=\"lazy\" decoding=\"async\" width=\"840\" height=\"559\" src=\"https:\/\/raulavellaneda.com\/wp-content\/uploads\/web-c.jpg\" alt=\"\" class=\"wp-image-4266\" srcset=\"https:\/\/raulavellaneda.com\/wp-content\/uploads\/web-c.jpg 840w, https:\/\/raulavellaneda.com\/wp-content\/uploads\/web-c-300x200.jpg 300w, https:\/\/raulavellaneda.com\/wp-content\/uploads\/web-c-768x511.jpg 768w\" sizes=\"auto, (max-width: 709px) 85vw, (max-width: 909px) 67vw, (max-width: 1362px) 62vw, 840px\" \/><\/figure><\/div>\n\n\n<div style=\"height:100px\" aria-hidden=\"true\" class=\"wp-block-spacer\"><\/div>\n\n\n\n<div class=\"wp-block-columns is-layout-flex wp-container-core-columns-is-layout-4 wp-block-columns-is-layout-flex\">\n<div class=\"wp-block-column is-layout-flow wp-block-column-is-layout-flow\">\n<figure class=\"wp-block-image size-full is-resized\"><img loading=\"lazy\" decoding=\"async\" width=\"480\" height=\"736\" src=\"https:\/\/raulavellaneda.com\/wp-content\/uploads\/web-j.jpg\" alt=\"\" class=\"wp-image-4298\" style=\"width:350px\" srcset=\"https:\/\/raulavellaneda.com\/wp-content\/uploads\/web-j.jpg 480w, https:\/\/raulavellaneda.com\/wp-content\/uploads\/web-j-196x300.jpg 196w\" sizes=\"auto, (max-width: 480px) 85vw, 480px\" \/><figcaption class=\"wp-element-caption\">Incineraci\u00f3n de residuos en el cementerio de Chosica<\/figcaption><\/figure>\n<\/div>\n\n\n\n<div class=\"wp-block-column is-layout-flow wp-block-column-is-layout-flow\">\n<figure class=\"wp-block-image size-full is-resized\"><img loading=\"lazy\" decoding=\"async\" width=\"480\" height=\"727\" src=\"https:\/\/raulavellaneda.com\/wp-content\/uploads\/web-h.jpg\" alt=\"\" class=\"wp-image-4299\" style=\"width:350px\" srcset=\"https:\/\/raulavellaneda.com\/wp-content\/uploads\/web-h.jpg 480w, https:\/\/raulavellaneda.com\/wp-content\/uploads\/web-h-198x300.jpg 198w\" sizes=\"auto, (max-width: 480px) 85vw, 480px\" \/><\/figure>\n<\/div>\n<\/div>\n\n\n\n<div style=\"height:120px\" aria-hidden=\"true\" class=\"wp-block-spacer\"><\/div>\n\n\n<div class=\"wp-block-image\">\n<figure class=\"aligncenter size-full\"><img loading=\"lazy\" decoding=\"async\" width=\"840\" height=\"551\" src=\"https:\/\/raulavellaneda.com\/wp-content\/uploads\/web-d.jpg\" alt=\"\" class=\"wp-image-4267\" srcset=\"https:\/\/raulavellaneda.com\/wp-content\/uploads\/web-d.jpg 840w, https:\/\/raulavellaneda.com\/wp-content\/uploads\/web-d-300x197.jpg 300w, https:\/\/raulavellaneda.com\/wp-content\/uploads\/web-d-768x504.jpg 768w\" sizes=\"auto, (max-width: 709px) 85vw, (max-width: 909px) 67vw, (max-width: 1362px) 62vw, 840px\" \/><\/figure><\/div>\n\n\n<div style=\"height:120px\" aria-hidden=\"true\" class=\"wp-block-spacer\"><\/div>\n\n\n\n<figure class=\"wp-block-image size-full\"><img loading=\"lazy\" decoding=\"async\" width=\"840\" height=\"544\" src=\"https:\/\/raulavellaneda.com\/wp-content\/uploads\/web-spiegelt.jpg\" alt=\"\" class=\"wp-image-4300\" srcset=\"https:\/\/raulavellaneda.com\/wp-content\/uploads\/web-spiegelt.jpg 840w, https:\/\/raulavellaneda.com\/wp-content\/uploads\/web-spiegelt-300x194.jpg 300w, https:\/\/raulavellaneda.com\/wp-content\/uploads\/web-spiegelt-768x497.jpg 768w\" sizes=\"auto, (max-width: 709px) 85vw, (max-width: 909px) 67vw, (max-width: 1362px) 62vw, 840px\" \/><figcaption class=\"wp-element-caption\">En 1986, los cuerpos torturados de presos pol\u00edticos fueron distribuidos, en nombre del Estado, en cementerios cercanos y enterrados clandestinamente. El guardi\u00e1n del cementerio fu\u00e9 obligado a enterrar los cuerpos de forma an\u00f3nima. En una acci\u00f3n de noche y niebla, las tumbas fueron pintadas de rojo y marcadas con las insignias del grupo guerrillero &#8222;Sendero Luminoso&#8220;, el nombre completo de los asesinados as\u00ed como  la fecha del d\u00eda de su muerte fueron inscritos en las tumbas. Poco antes, Avellaneda hab\u00eda realizado su acci\u00f3n &#8222;Carita punteada&#8220; en el pasillo del cementerio, entre las tumbas a\u00fan vac\u00edas.<\/figcaption><\/figure>\n\n\n\n<div style=\"height:120px\" aria-hidden=\"true\" class=\"wp-block-spacer\"><\/div>\n\n\n\n<figure class=\"wp-block-image size-full is-resized\"><img loading=\"lazy\" decoding=\"async\" width=\"840\" height=\"544\" src=\"https:\/\/raulavellaneda.com\/wp-content\/uploads\/web-n.jpg\" alt=\"\" class=\"wp-image-4301\" style=\"width:630px;height:auto\" srcset=\"https:\/\/raulavellaneda.com\/wp-content\/uploads\/web-n.jpg 840w, https:\/\/raulavellaneda.com\/wp-content\/uploads\/web-n-300x194.jpg 300w, https:\/\/raulavellaneda.com\/wp-content\/uploads\/web-n-768x497.jpg 768w\" sizes=\"auto, (max-width: 709px) 85vw, (max-width: 909px) 67vw, (max-width: 1362px) 62vw, 840px\" \/><figcaption class=\"wp-element-caption\">Visitantes del cementerio con H. J. Psotta (arriba a la izquierda) y Fleytas P. (abajo a la derecha), visitando las Tumbas Rojas, en Chosica, agosto, 1986<\/figcaption><\/figure>\n\n\n\n<div style=\"height:120px\" aria-hidden=\"true\" class=\"wp-block-spacer\"><\/div>\n\n\n\n<figure class=\"wp-block-image size-full\"><img loading=\"lazy\" decoding=\"async\" width=\"840\" height=\"528\" src=\"https:\/\/raulavellaneda.com\/wp-content\/uploads\/web-IMG_0895.jpg\" alt=\"\" class=\"wp-image-4304\" srcset=\"https:\/\/raulavellaneda.com\/wp-content\/uploads\/web-IMG_0895.jpg 840w, https:\/\/raulavellaneda.com\/wp-content\/uploads\/web-IMG_0895-300x189.jpg 300w, https:\/\/raulavellaneda.com\/wp-content\/uploads\/web-IMG_0895-768x483.jpg 768w\" sizes=\"auto, (max-width: 709px) 85vw, (max-width: 909px) 67vw, (max-width: 1362px) 62vw, 840px\" \/><figcaption class=\"wp-element-caption\">Zona de viviendas junto al cementerio de Santa Eulalia en Chosica<\/figcaption><\/figure>\n\n\n\n<div style=\"height:10px\" aria-hidden=\"true\" class=\"wp-block-spacer\"><\/div>\n\n\n\n<p>Fotos: Ra\u00fal Avellaneda<\/p>\n\n\n\n<p>Participantes: Ra\u00fal Avellaneda, Fleytas X.<\/p>\n\n\n\n<p class=\"has-text-align-center has-medium-font-size\"><a href=\"https:\/\/raulavellaneda.com\/?page_id=1337\">obras<\/a><\/p>\n","protected":false},"excerpt":{"rendered":"<p>Serie fotogr\u00e1fica realizada en el cementerio Santa Eulalia de Chosica, 1983 &#8211; 1986, Lima-Per\u00fa. &#8222;La omnipresencia de la muerte me ha acompa\u00f1ado desde mi m\u00e1s tierna infancia. Me sent\u00eda interiormente unido a ella como una compa\u00f1era que nunca me abandonar\u00eda. La muerte como consecuencia del abuso de poder, en el Per\u00fa de los a\u00f1os ochenta, &hellip; <a href=\"https:\/\/raulavellaneda.com\/?page_id=1485\" class=\"more-link\"><span class=\"screen-reader-text\">\u201e&#8222;Carita Punteada&#8220;\u201c<\/span> weiterlesen<\/a><\/p>\n","protected":false},"author":1,"featured_media":0,"parent":0,"menu_order":0,"comment_status":"closed","ping_status":"closed","template":"","meta":{"footnotes":""},"class_list":["post-1485","page","type-page","status-publish","hentry"],"_links":{"self":[{"href":"https:\/\/raulavellaneda.com\/index.php?rest_route=\/wp\/v2\/pages\/1485","targetHints":{"allow":["GET"]}}],"collection":[{"href":"https:\/\/raulavellaneda.com\/index.php?rest_route=\/wp\/v2\/pages"}],"about":[{"href":"https:\/\/raulavellaneda.com\/index.php?rest_route=\/wp\/v2\/types\/page"}],"author":[{"embeddable":true,"href":"https:\/\/raulavellaneda.com\/index.php?rest_route=\/wp\/v2\/users\/1"}],"replies":[{"embeddable":true,"href":"https:\/\/raulavellaneda.com\/index.php?rest_route=%2Fwp%2Fv2%2Fcomments&post=1485"}],"version-history":[{"count":49,"href":"https:\/\/raulavellaneda.com\/index.php?rest_route=\/wp\/v2\/pages\/1485\/revisions"}],"predecessor-version":[{"id":5647,"href":"https:\/\/raulavellaneda.com\/index.php?rest_route=\/wp\/v2\/pages\/1485\/revisions\/5647"}],"wp:attachment":[{"href":"https:\/\/raulavellaneda.com\/index.php?rest_route=%2Fwp%2Fv2%2Fmedia&parent=1485"}],"curies":[{"name":"wp","href":"https:\/\/api.w.org\/{rel}","templated":true}]}}