{"id":1587,"date":"2023-11-20T20:59:32","date_gmt":"2023-11-20T19:59:32","guid":{"rendered":"http:\/\/raulavellaneda.com\/?page_id=1587"},"modified":"2024-07-30T22:25:03","modified_gmt":"2024-07-30T20:25:03","slug":"die-befreiung","status":"publish","type":"page","link":"https:\/\/raulavellaneda.com\/?page_id=1587","title":{"rendered":"&#8222;La liberaci\u00f3n&#8220;"},"content":{"rendered":"\n<div style=\"height:20px\" aria-hidden=\"true\" class=\"wp-block-spacer\"><\/div>\n\n\n\n<p class=\"has-medium-font-size\">Avellaneda cuestion\u00f3 todos sus conocimientos y habilidades, y empez\u00f3 a utilizar su obra art\u00edstica para llamar la atenci\u00f3n sobre la actual realidad pol\u00edtica y social de Per\u00fa, bas\u00e1ndose en sus propias experiencias biogr\u00e1ficas. \u00c9l y varios estudiantes, motivados por la influencia liberadora de Psotta, cuestionaron todo el sistema de la academia y abordaron la dram\u00e1tica situaci\u00f3n pol\u00edtica de su pa\u00eds a trav\u00e9s de la expresi\u00f3n art\u00edstica.<\/p>\n\n\n\n<div style=\"height:20px\" aria-hidden=\"true\" class=\"wp-block-spacer\"><\/div>\n\n\n\n<div class=\"wp-block-columns is-layout-flex wp-container-core-columns-is-layout-1 wp-block-columns-is-layout-flex\">\n<div class=\"wp-block-column is-layout-flow wp-block-column-is-layout-flow\" style=\"flex-basis:50%\"><div class=\"wp-block-image\">\n<figure class=\"aligncenter size-full is-resized\"><img loading=\"lazy\" decoding=\"async\" width=\"480\" height=\"988\" src=\"https:\/\/raulavellaneda.com\/wp-content\/uploads\/web-12-5-2022_034-1.jpg\" alt=\"\" class=\"wp-image-3935\" style=\"width:292px;height:auto\" srcset=\"https:\/\/raulavellaneda.com\/wp-content\/uploads\/web-12-5-2022_034-1.jpg 480w, https:\/\/raulavellaneda.com\/wp-content\/uploads\/web-12-5-2022_034-1-146x300.jpg 146w\" sizes=\"auto, (max-width: 480px) 85vw, 480px\" \/><figcaption class=\"wp-element-caption\">&#8222;La tortura en Per\u00fa&#8220;, tesis antes de salir de la universidad,<br>conjunto, objeto cin\u00e9tico con se\u00f1ales ac\u00fasticas, aprox. 100 x 180 x 100 cm. 1982<\/figcaption><\/figure><\/div><\/div>\n\n\n\n<div class=\"wp-block-column is-layout-flow wp-block-column-is-layout-flow\" style=\"flex-basis:50%\"><div class=\"wp-block-image\">\n<figure class=\"aligncenter size-full is-resized\"><img loading=\"lazy\" decoding=\"async\" width=\"480\" height=\"713\" src=\"https:\/\/raulavellaneda.com\/wp-content\/uploads\/web-gut12-5-2022_040-1.jpg\" alt=\"\" class=\"wp-image-3939\" style=\"width:480px\" srcset=\"https:\/\/raulavellaneda.com\/wp-content\/uploads\/web-gut12-5-2022_040-1.jpg 480w, https:\/\/raulavellaneda.com\/wp-content\/uploads\/web-gut12-5-2022_040-1-202x300.jpg 202w\" sizes=\"auto, (max-width: 480px) 85vw, 480px\" \/><figcaption class=\"wp-element-caption\">Vista en obras de la \u00e9poca, 1982<\/figcaption><\/figure><\/div><\/div>\n<\/div>\n\n\n\n<h6 class=\"wp-block-heading has-medium-gray-color has-text-color has-link-color wp-elements-63c5e562a046c4423fcbf44135d887c6\"><em>Trabajos realizados en el primer apartamento en Pueblo Libre, 1982<\/em><\/h6>\n\n\n\n<div style=\"height:60px\" aria-hidden=\"true\" class=\"wp-block-spacer\"><\/div>\n\n\n<div class=\"wp-block-image\">\n<figure class=\"aligncenter size-full\"><img loading=\"lazy\" decoding=\"async\" width=\"480\" height=\"794\" src=\"https:\/\/raulavellaneda.com\/wp-content\/uploads\/web-IMG_0750-1.jpg\" alt=\"\" class=\"wp-image-2880\" srcset=\"https:\/\/raulavellaneda.com\/wp-content\/uploads\/web-IMG_0750-1.jpg 480w, https:\/\/raulavellaneda.com\/wp-content\/uploads\/web-IMG_0750-1-181x300.jpg 181w\" sizes=\"auto, (max-width: 480px) 85vw, 480px\" \/><figcaption class=\"wp-element-caption\">&#8222;Santa Rosa de Lima&#8220;, \u00f3leo sobre cart\u00f3n, 62 x 104 cm, 1982<\/figcaption><\/figure><\/div>\n\n\n<div style=\"height:120px\" aria-hidden=\"true\" class=\"wp-block-spacer\"><\/div>\n\n\n<div class=\"wp-block-image\">\n<figure class=\"aligncenter size-full is-resized\"><img loading=\"lazy\" decoding=\"async\" width=\"840\" height=\"656\" src=\"https:\/\/raulavellaneda.com\/wp-content\/uploads\/web-IMG_0748-2.jpg\" alt=\"\" class=\"wp-image-2874\" style=\"width:794px;height:auto\" srcset=\"https:\/\/raulavellaneda.com\/wp-content\/uploads\/web-IMG_0748-2.jpg 840w, https:\/\/raulavellaneda.com\/wp-content\/uploads\/web-IMG_0748-2-300x234.jpg 300w, https:\/\/raulavellaneda.com\/wp-content\/uploads\/web-IMG_0748-2-768x600.jpg 768w\" sizes=\"auto, (max-width: 709px) 85vw, (max-width: 909px) 67vw, (max-width: 1362px) 62vw, 840px\" \/><figcaption class=\"wp-element-caption\">&#8222;Mi sue\u00f1o&#8220;, 1982, \u00f3leo sobre cart\u00f3n, 124 x 104 cm<\/figcaption><\/figure><\/div>\n\n\n<div style=\"height:120px\" aria-hidden=\"true\" class=\"wp-block-spacer\"><\/div>\n\n\n<div class=\"wp-block-image\">\n<figure class=\"aligncenter size-full\"><img loading=\"lazy\" decoding=\"async\" width=\"480\" height=\"627\" src=\"https:\/\/raulavellaneda.com\/wp-content\/uploads\/web-IMG_0747-1.jpg\" alt=\"\" class=\"wp-image-2876\" srcset=\"https:\/\/raulavellaneda.com\/wp-content\/uploads\/web-IMG_0747-1.jpg 480w, https:\/\/raulavellaneda.com\/wp-content\/uploads\/web-IMG_0747-1-230x300.jpg 230w\" sizes=\"auto, (max-width: 480px) 85vw, 480px\" \/><figcaption class=\"wp-element-caption\">&#8222;San Sebastian&#8220;, 1982, \u00f3leo sobre cart\u00f3n, 104 x 124 cm<\/figcaption><\/figure><\/div>\n\n\n<div style=\"height:120px\" aria-hidden=\"true\" class=\"wp-block-spacer\"><\/div>\n\n\n<div class=\"wp-block-image\">\n<figure class=\"aligncenter size-full\"><img loading=\"lazy\" decoding=\"async\" width=\"480\" height=\"617\" src=\"https:\/\/raulavellaneda.com\/wp-content\/uploads\/web-IMG_0740-1.jpg\" alt=\"\" class=\"wp-image-2877\" srcset=\"https:\/\/raulavellaneda.com\/wp-content\/uploads\/web-IMG_0740-1.jpg 480w, https:\/\/raulavellaneda.com\/wp-content\/uploads\/web-IMG_0740-1-233x300.jpg 233w\" sizes=\"auto, (max-width: 480px) 85vw, 480px\" \/><figcaption class=\"wp-element-caption\">&#8222;mi arrendadora&#8220;, 1982, \u00f3leo sobre cart\u00f3n, 104 x 124 cm<\/figcaption><\/figure><\/div>\n\n\n<div style=\"height:120px\" aria-hidden=\"true\" class=\"wp-block-spacer\"><\/div>\n\n\n<div class=\"wp-block-image\">\n<figure class=\"aligncenter size-full\"><img loading=\"lazy\" decoding=\"async\" width=\"480\" height=\"624\" src=\"https:\/\/raulavellaneda.com\/wp-content\/uploads\/web-IMG_0742-1.jpg\" alt=\"\" class=\"wp-image-2878\" srcset=\"https:\/\/raulavellaneda.com\/wp-content\/uploads\/web-IMG_0742-1.jpg 480w, https:\/\/raulavellaneda.com\/wp-content\/uploads\/web-IMG_0742-1-231x300.jpg 231w\" sizes=\"auto, (max-width: 480px) 85vw, 480px\" \/><figcaption class=\"wp-element-caption\">&#8222;Como los conejos&#8220;, 1982, \u00f3leo sobre cart\u00f3n, 104 x 124 cm<\/figcaption><\/figure><\/div>\n\n\n<div style=\"height:120px\" aria-hidden=\"true\" class=\"wp-block-spacer\"><\/div>\n\n\n<div class=\"wp-block-image\">\n<figure class=\"aligncenter size-full\"><img loading=\"lazy\" decoding=\"async\" width=\"480\" height=\"617\" src=\"https:\/\/raulavellaneda.com\/wp-content\/uploads\/web-IMG_0738-1.jpg\" alt=\"\" class=\"wp-image-2881\" srcset=\"https:\/\/raulavellaneda.com\/wp-content\/uploads\/web-IMG_0738-1.jpg 480w, https:\/\/raulavellaneda.com\/wp-content\/uploads\/web-IMG_0738-1-233x300.jpg 233w\" sizes=\"auto, (max-width: 480px) 85vw, 480px\" \/><figcaption class=\"wp-element-caption\">&#8222;Opereta&#8220;, 1982, \u00f3leo sobre cart\u00f3n, 104 x 124 cm<\/figcaption><\/figure><\/div>\n\n\n<div style=\"height:120px\" aria-hidden=\"true\" class=\"wp-block-spacer\"><\/div>\n\n\n<div class=\"wp-block-image\">\n<figure class=\"aligncenter size-full\"><img loading=\"lazy\" decoding=\"async\" width=\"480\" height=\"612\" src=\"https:\/\/raulavellaneda.com\/wp-content\/uploads\/web-IMG_0745-1.jpg\" alt=\"\" class=\"wp-image-2879\" srcset=\"https:\/\/raulavellaneda.com\/wp-content\/uploads\/web-IMG_0745-1.jpg 480w, https:\/\/raulavellaneda.com\/wp-content\/uploads\/web-IMG_0745-1-235x300.jpg 235w\" sizes=\"auto, (max-width: 480px) 85vw, 480px\" \/><figcaption class=\"wp-element-caption\">&#8222;Ad\u00e1n y Eva&#8220;, 1982, \u00f3leo sobre cart\u00f3n, 104 x 124 cm<\/figcaption><\/figure><\/div>\n\n\n<div style=\"height:10px\" aria-hidden=\"true\" class=\"wp-block-spacer\"><\/div>\n\n\n\n<p class=\"has-text-align-center has-medium-font-size\"><a href=\"https:\/\/raulavellaneda.com\/?page_id=1337\">obras<\/a><\/p>\n\n\n\n<p><\/p>\n","protected":false},"excerpt":{"rendered":"<p>Avellaneda cuestion\u00f3 todos sus conocimientos y habilidades, y empez\u00f3 a utilizar su obra art\u00edstica para llamar la atenci\u00f3n sobre la actual realidad pol\u00edtica y social de Per\u00fa, bas\u00e1ndose en sus propias experiencias biogr\u00e1ficas. \u00c9l y varios estudiantes, motivados por la influencia liberadora de Psotta, cuestionaron todo el sistema de la academia y abordaron la dram\u00e1tica &hellip; <a href=\"https:\/\/raulavellaneda.com\/?page_id=1587\" class=\"more-link\"><span class=\"screen-reader-text\">\u201e&#8222;La liberaci\u00f3n&#8220;\u201c<\/span> weiterlesen<\/a><\/p>\n","protected":false},"author":1,"featured_media":0,"parent":0,"menu_order":0,"comment_status":"closed","ping_status":"closed","template":"","meta":{"footnotes":""},"class_list":["post-1587","page","type-page","status-publish","hentry"],"_links":{"self":[{"href":"https:\/\/raulavellaneda.com\/index.php?rest_route=\/wp\/v2\/pages\/1587","targetHints":{"allow":["GET"]}}],"collection":[{"href":"https:\/\/raulavellaneda.com\/index.php?rest_route=\/wp\/v2\/pages"}],"about":[{"href":"https:\/\/raulavellaneda.com\/index.php?rest_route=\/wp\/v2\/types\/page"}],"author":[{"embeddable":true,"href":"https:\/\/raulavellaneda.com\/index.php?rest_route=\/wp\/v2\/users\/1"}],"replies":[{"embeddable":true,"href":"https:\/\/raulavellaneda.com\/index.php?rest_route=%2Fwp%2Fv2%2Fcomments&post=1587"}],"version-history":[{"count":42,"href":"https:\/\/raulavellaneda.com\/index.php?rest_route=\/wp\/v2\/pages\/1587\/revisions"}],"predecessor-version":[{"id":5633,"href":"https:\/\/raulavellaneda.com\/index.php?rest_route=\/wp\/v2\/pages\/1587\/revisions\/5633"}],"wp:attachment":[{"href":"https:\/\/raulavellaneda.com\/index.php?rest_route=%2Fwp%2Fv2%2Fmedia&parent=1587"}],"curies":[{"name":"wp","href":"https:\/\/api.w.org\/{rel}","templated":true}]}}