{"id":1761,"date":"2023-11-21T21:25:12","date_gmt":"2023-11-21T20:25:12","guid":{"rendered":"http:\/\/raulavellaneda.com\/?page_id=1761"},"modified":"2024-07-30T22:26:59","modified_gmt":"2024-07-30T20:26:59","slug":"zeichnerische-ueberlegungen","status":"publish","type":"page","link":"https:\/\/raulavellaneda.com\/?page_id=1761","title":{"rendered":"Otras obras"},"content":{"rendered":"\n<div style=\"height:120px\" aria-hidden=\"true\" class=\"wp-block-spacer\"><\/div>\n\n\n<div class=\"wp-block-image\">\n<figure class=\"aligncenter size-full\"><img loading=\"lazy\" decoding=\"async\" width=\"480\" height=\"691\" src=\"https:\/\/raulavellaneda.com\/wp-content\/uploads\/web-IMG_20231024_142149-1.jpg\" alt=\"\" class=\"wp-image-3970\" srcset=\"https:\/\/raulavellaneda.com\/wp-content\/uploads\/web-IMG_20231024_142149-1.jpg 480w, https:\/\/raulavellaneda.com\/wp-content\/uploads\/web-IMG_20231024_142149-1-208x300.jpg 208w\" sizes=\"auto, (max-width: 480px) 85vw, 480px\" \/><figcaption class=\"wp-element-caption\">&#8222;El nacimiento de mi yo&#8220;, t\u00e9cnica mixta, 35 x 50 cm, (propiedad privada), 1996<\/figcaption><\/figure><\/div>\n\n\n<div style=\"height:120px\" aria-hidden=\"true\" class=\"wp-block-spacer\"><\/div>\n\n\n<div class=\"wp-block-image\">\n<figure class=\"aligncenter size-full\"><img loading=\"lazy\" decoding=\"async\" width=\"840\" height=\"847\" src=\"https:\/\/raulavellaneda.com\/wp-content\/uploads\/web-6-3.jpg\" alt=\"\" class=\"wp-image-3993\" srcset=\"https:\/\/raulavellaneda.com\/wp-content\/uploads\/web-6-3.jpg 840w, https:\/\/raulavellaneda.com\/wp-content\/uploads\/web-6-3-298x300.jpg 298w, https:\/\/raulavellaneda.com\/wp-content\/uploads\/web-6-3-150x150.jpg 150w, https:\/\/raulavellaneda.com\/wp-content\/uploads\/web-6-3-768x774.jpg 768w\" sizes=\"auto, (max-width: 709px) 85vw, (max-width: 909px) 67vw, (max-width: 1362px) 62vw, 840px\" \/><figcaption class=\"wp-element-caption\">&#8222;Dogma, Lies and Slaughter&#8220;\/ &#8222;Dogma, mentiras y masacres&#8220;, t\u00e9cnica mixta sobre madera y lienzo, 170 x 170 x 5cm, (propiedad privada \/ Markus B\u00f6hm), 2021<\/figcaption><\/figure><\/div>\n\n\n<div style=\"height:100px\" aria-hidden=\"true\" class=\"wp-block-spacer\"><\/div>\n\n\n\n<figure class=\"wp-block-image size-full\"><img loading=\"lazy\" decoding=\"async\" width=\"840\" height=\"495\" src=\"https:\/\/raulavellaneda.com\/wp-content\/uploads\/web-IMG_0717-2.jpg\" alt=\"\" class=\"wp-image-3988\" srcset=\"https:\/\/raulavellaneda.com\/wp-content\/uploads\/web-IMG_0717-2.jpg 840w, https:\/\/raulavellaneda.com\/wp-content\/uploads\/web-IMG_0717-2-300x177.jpg 300w, https:\/\/raulavellaneda.com\/wp-content\/uploads\/web-IMG_0717-2-768x453.jpg 768w\" sizes=\"auto, (max-width: 709px) 85vw, (max-width: 909px) 67vw, (max-width: 1362px) 62vw, 840px\" \/><figcaption class=\"wp-element-caption\">&#8222;Desperdicio&#8220;, t\u00e9cnica de mezcla sobre papel, 41 x 24 cm, 1993<\/figcaption><\/figure>\n\n\n\n<div style=\"height:120px\" aria-hidden=\"true\" class=\"wp-block-spacer\"><\/div>\n\n\n<div class=\"wp-block-image\">\n<figure class=\"aligncenter size-full\"><img loading=\"lazy\" decoding=\"async\" width=\"480\" height=\"676\" src=\"https:\/\/raulavellaneda.com\/wp-content\/uploads\/web-3-4.jpg\" alt=\"\" class=\"wp-image-4002\" srcset=\"https:\/\/raulavellaneda.com\/wp-content\/uploads\/web-3-4.jpg 480w, https:\/\/raulavellaneda.com\/wp-content\/uploads\/web-3-4-213x300.jpg 213w\" sizes=\"auto, (max-width: 480px) 85vw, 480px\" \/><figcaption class=\"wp-element-caption\">&#8222;Christel&#8220;, l\u00e1piz sobre bloc de dibujo, 18 x 21 cm, 1997<\/figcaption><\/figure><\/div>\n\n\n<div style=\"height:120px\" aria-hidden=\"true\" class=\"wp-block-spacer\"><\/div>\n\n\n<div class=\"wp-block-image\">\n<figure class=\"aligncenter size-full\"><img loading=\"lazy\" decoding=\"async\" width=\"480\" height=\"762\" src=\"https:\/\/raulavellaneda.com\/wp-content\/uploads\/web1-2.jpg\" alt=\"\" class=\"wp-image-3995\" srcset=\"https:\/\/raulavellaneda.com\/wp-content\/uploads\/web1-2.jpg 480w, https:\/\/raulavellaneda.com\/wp-content\/uploads\/web1-2-189x300.jpg 189w\" sizes=\"auto, (max-width: 480px) 85vw, 480px\" \/><figcaption class=\"wp-element-caption\">&#8222;Retrato de un vendedor de bicicletas&#8220;, t\u00e9cnica de mezcla sobre papel, 80 x 130 cm, (propiedad privada), 1995<\/figcaption><\/figure><\/div>\n\n\n<div style=\"height:100px\" aria-hidden=\"true\" class=\"wp-block-spacer\"><\/div>\n\n\n<div class=\"wp-block-image\">\n<figure class=\"aligncenter size-full\"><img loading=\"lazy\" decoding=\"async\" width=\"480\" height=\"720\" src=\"https:\/\/raulavellaneda.com\/wp-content\/uploads\/web-IMG_0620-1.jpg\" alt=\"\" class=\"wp-image-3989\" srcset=\"https:\/\/raulavellaneda.com\/wp-content\/uploads\/web-IMG_0620-1.jpg 480w, https:\/\/raulavellaneda.com\/wp-content\/uploads\/web-IMG_0620-1-200x300.jpg 200w\" sizes=\"auto, (max-width: 480px) 85vw, 480px\" \/><figcaption class=\"wp-element-caption\">De la serie Naturaleza muerta, &#8222;Coraz\u00f3n de Jes\u00fas&#8220;, t\u00e9cnica de mezcla sobre papel, 40 x 60 cm, 1993<\/figcaption><\/figure><\/div>\n\n\n<div style=\"height:120px\" aria-hidden=\"true\" class=\"wp-block-spacer\"><\/div>\n\n\n<div class=\"wp-block-image\">\n<figure class=\"aligncenter size-full\"><img loading=\"lazy\" decoding=\"async\" width=\"480\" height=\"595\" src=\"https:\/\/raulavellaneda.com\/wp-content\/uploads\/web-IMG_0622-2.jpg\" alt=\"\" class=\"wp-image-3990\" srcset=\"https:\/\/raulavellaneda.com\/wp-content\/uploads\/web-IMG_0622-2.jpg 480w, https:\/\/raulavellaneda.com\/wp-content\/uploads\/web-IMG_0622-2-242x300.jpg 242w\" sizes=\"auto, (max-width: 480px) 85vw, 480px\" \/><figcaption class=\"wp-element-caption\">De la serie Tote Natur, &#8222;cuanta sed perdida&#8220;, t\u00e9cnica de mezcla sobre papel, 40 x 50 cm, 1993<\/figcaption><\/figure><\/div>\n\n\n<div style=\"height:120px\" aria-hidden=\"true\" class=\"wp-block-spacer\"><\/div>\n\n\n<div class=\"wp-block-image\">\n<figure class=\"aligncenter size-full\"><img loading=\"lazy\" decoding=\"async\" width=\"480\" height=\"599\" src=\"https:\/\/raulavellaneda.com\/wp-content\/uploads\/web-IMG_0854-1.jpg\" alt=\"\" class=\"wp-image-4939\" srcset=\"https:\/\/raulavellaneda.com\/wp-content\/uploads\/web-IMG_0854-1.jpg 480w, https:\/\/raulavellaneda.com\/wp-content\/uploads\/web-IMG_0854-1-240x300.jpg 240w\" sizes=\"auto, (max-width: 480px) 85vw, 480px\" \/><figcaption class=\"wp-element-caption\">&#8222;Amigas para siempre&#8220; (Zoila Mir\u00f3 Quesada, abuela del artista y amiga), t\u00e9cnica mixta sobre papel, 73,5 x 93,5cm, 1994<\/figcaption><\/figure><\/div>\n\n\n<div style=\"height:20px\" aria-hidden=\"true\" class=\"wp-block-spacer\"><\/div>\n\n\n\n<p class=\"has-text-align-center has-medium-font-size\"><a href=\"https:\/\/raulavellaneda.com\/?page_id=1337\">obras<\/a><\/p>\n","protected":false},"excerpt":{"rendered":"<p>obras<\/p>\n","protected":false},"author":1,"featured_media":0,"parent":0,"menu_order":0,"comment_status":"closed","ping_status":"closed","template":"","meta":{"footnotes":""},"class_list":["post-1761","page","type-page","status-publish","hentry"],"_links":{"self":[{"href":"https:\/\/raulavellaneda.com\/index.php?rest_route=\/wp\/v2\/pages\/1761","targetHints":{"allow":["GET"]}}],"collection":[{"href":"https:\/\/raulavellaneda.com\/index.php?rest_route=\/wp\/v2\/pages"}],"about":[{"href":"https:\/\/raulavellaneda.com\/index.php?rest_route=\/wp\/v2\/types\/page"}],"author":[{"embeddable":true,"href":"https:\/\/raulavellaneda.com\/index.php?rest_route=\/wp\/v2\/users\/1"}],"replies":[{"embeddable":true,"href":"https:\/\/raulavellaneda.com\/index.php?rest_route=%2Fwp%2Fv2%2Fcomments&post=1761"}],"version-history":[{"count":27,"href":"https:\/\/raulavellaneda.com\/index.php?rest_route=\/wp\/v2\/pages\/1761\/revisions"}],"predecessor-version":[{"id":5636,"href":"https:\/\/raulavellaneda.com\/index.php?rest_route=\/wp\/v2\/pages\/1761\/revisions\/5636"}],"wp:attachment":[{"href":"https:\/\/raulavellaneda.com\/index.php?rest_route=%2Fwp%2Fv2%2Fmedia&parent=1761"}],"curies":[{"name":"wp","href":"https:\/\/api.w.org\/{rel}","templated":true}]}}